(8). Let i = p + m. List the prime factors of i.
3
Suppose -2*y - 18 = 2. List the prime factors of (-416)/(-10) - y/25.
2, 3, 7
List the prime factors of ((-24)/20)/((-1)/20).
2, 3
Suppose 0 = -d + 3*d - 40. Let m be d/8*16/10. Let q = 9 - m. What are the prime factors of q?
5
Let f = 13 - 14. What are the prime factors of (-2 - f)*(-4)/1?
2
What are the prime factors of (-150)/9*(-48)/20?
2, 5
Suppose m + 0 - 3 = 0. Suppose -2*b - m*b = 5*s - 50, -2*s - 4 = -b. List the prime factors of b.
2
Suppose 0 = -4*k - 4*j - 4, -4*k + 2*j - j = -11. Suppose -2*h + 74 = 3*v, -5*v = k*h - 207 + 81. What are the prime factors of v?
2, 13
Let t = -55 + 76. List the prime factors of t.
3, 7
Suppose 34*h - 832 = 32*h. What are the prime factors of h?
2, 13
Let p = 52 + -41. What are the prime factors of p?
11
Suppose 5*p - 13 + 3 = 0. Suppose 0*k = -p*k. Suppose 3*o - 28 - 5 = k. List the prime factors of o.
11
What are the prime factors of ((-2 + 4 - -1) + 61)/1?
2
Suppose 2*v = -2*v + 32. Let n = 0 + v. Suppose 2*m - 3*m + n = f, -f = -2*m + 19. What are the prime factors of m?
3
Suppose t = 3*g - 277, 0 = 5*g - 3*t - t - 471. Suppose -5*c + g = w + 37, -186 = -5*w + 3*c. What are the prime factors of w?
3, 13
Let b be ((-54)/(-5))/((-3)/310). List the prime factors of (-2)/8 - b/48.
23
Suppose 0 = -5*i + 6 - 1. Let q be i*21 - (-2 + 4). Let p = q + -10. What are the prime factors of p?
3
Suppose 2*y - 2*m - 8 = 0, -4*y + m + 0 + 4 = 0. Suppose 32 = v + 4*i, y = -5*v + 5*i - 0*i + 35. What are the prime factors of v?
2, 3
Suppose -b - 4*b + 9 = -2*h, 5*h = 2*b + 30. Let u(t) = -t**3 + 9*t**2 - 2*t - 5. What are the prime factors of u(h)?
43
Suppose 79 = -4*q + 231. What are the prime factors of (q/10 - 2)*5?
3
Let h be 6/9 + (-16)/6. Let l = 6 + h. What are the prime factors of l?
2
Let x be 2/(1 - 6/10). Suppose 2*r - i - 91 = 4*i, -3*r + 3*i = -114. Suppose -x*l + 2 = -r. List the prime factors of l.
7
Suppose 0*m - 42 = -3*m. Let i(b) = -b**2 + 1. Let w be i(-1). Let r = m + w. List the prime factors of r.
2, 7
Let k be (6 + 0)*4/6. Suppose k*w - 38 = 4*r - 10, -2*w = r + 1. Let i = w - -3. What are the prime factors of i?
5
Let x(c) = 3*c**2 + 3*c + 3. Let u be 15/(-6) - 2/4. What are the prime factors of x(u)?
3, 7
Suppose 7*v - 380 - 439 = 0. What are the prime factors of v?
3, 13
Let b = -3 + 106. What are the prime factors of b?
103
Let a = 9 + 6. Let x be 44/(-3) - (-10)/a. What are the prime factors of (-38)/x - 6/(-21)?
3
What are the prime factors of 12 - 3 - -1 - 1?
3
Let x(f) be the first derivative of -f**6/360 - f**5/20 + f**4/8 - 2*f**3/3 + 1. Let q(s) be the third derivative of x(s). List the prime factors of q(-5).
2
Let k(t) be the third derivative of t**5/60 + 3*t**4/8 - 4*t**3/3 + 4*t**2. List the prime factors of k(-11).
2, 7
Let d(z) = 44*z - 39. List the prime factors of d(6).
3, 5
Suppose 4*u - 68 = -4*l, -4*l + 5*u - 3*u = -74. What are the prime factors of l?
2, 3
Let z = 35 - -54. List the prime factors of z.
89
Let n be 6/2 + 288/(-16). Let f = -52 - -29. Let z = n - f. List the prime factors of z.
2
Let i(v) = v + 1. Let o(q) = -7*q - 4. Let h(d) = -5*i(d) - o(d). List the prime factors of h(4).
7
Let g be (8/3)/(2/3). Let o be (-6)/g + 9/2. List the prime factors of (-39)/(-9)*o + 1.
2, 7
Let r = 167 - 60. What are the prime factors of r?
107
Suppose m - 28 = -m + 2*g, 4*m = g + 71. Let y = m + -6. List the prime factors of y.
13
Let p = 11 - -94. List the prime factors of p/(-10)*(-24)/14.
2, 3
Let l be (-87)/(-5) + (-4)/10. Let v = l + -4. List the prime factors of v.
13
Let p = -6 + 4. List the prime factors of 8 + 0/(-1 + p).
2
Let d = 405 + -228. List the prime factors of d/4 - (-7)/(-28).
2, 11
Suppose 7 = 4*d - 1. Suppose 0 = -u + 1 + d. What are the prime factors of u?
3
Let d(y) be the first derivative of -y**6/120 + y**5/60 - y**3/3 - y**2 - 1. Let p(o) be the second derivative of d(o). List the prime factors of p(-2).
2, 5
Let z(b) = b**2 + 11*b. Let r be z(-12). Let j = -5 + r. What are the prime factors of j?
7
Let g(d) = 4*d**2 - 10*d + 21. List the prime factors of g(4).
3, 5
Suppose -5 = 2*k + 3*q, -q + 0 - 2 = k. List the prime factors of ((-12)/(-42))/(k/(-21)).
2, 3
List the prime factors of -24*3/(-3) + 0 + -3.
3, 7
Suppose 3*k + 3*o = 12, -3*o + 15 + 4 = -4*k. Let a be (-1)/(-2) - k/(-2). Suppose -n - r + 3 = a, 4*r + 0 - 3 = -n. What are the prime factors of n?
3
Let p(u) = -2*u + 1. Let c be p(-6). Let v be -6*(-3)/(9/2). Let k = c - v. What are the prime factors of k?
3
Suppose -g + 41 = d - 0*g, 0 = 3*d - 4*g - 158. Let z = d + -27. What are the prime factors of z?
19
List the prime factors of 2/(-9) + (-272)/(-9).
2, 3, 5
Let d be (-2 - 2*-2)*-6. Let p be 0 + 1 - 258/2. List the prime factors of (-1)/(-3) + p/d.
11
Suppose 2 = 5*n - 4*n. Suppose 24 = n*f - 2*y, 0 = f + 3*y + 2*y + 6. List the prime factors of f.
3
Suppose -3*k - 7 = 11. What are the prime factors of 2/k*12/(-1)?
2
Suppose -2*l - 32 = -3*l + 5*j, 0 = 5*l + 4*j - 44. Suppose 0*k + 3*k + l = 0. What are the prime factors of ((-24)/15)/(k/10)?
2
Let i = 10 + -8. List the prime factors of 20 - (-1 - 7)/i.
2, 3
Let b(x) = -x + 5. Suppose -d + 21 = -3*j, -2*j - 5*d = -7*j - 35. What are the prime factors of b(j)?
2, 3
Let s = -61 - -87. List the prime factors of s.
2, 13
Suppose 0 = -2*s + 10, 5*s = -2*r - 0*s + 31. Let b(t) = 2*t**3 - 2*t**2 - t. Let p be b(2). Suppose 0*m - p = -r*m. List the prime factors of m.
2
Suppose -x = -3*x + 12. What are the prime factors of 1/x + 164/24?
7
Let a(j) = 10*j**3 - 2*j**2 + 2*j - 1. Suppose -2*l - 2*l + 20 = 0. Suppose 0 = d + 2*q - 5, -l*d + 11 = 2*q + 2. List the prime factors of a(d).
3
What are the prime factors of (-2)/(-4)*(0 + -2 - -248)?
3, 41
Suppose 3*s - 13 - 8 = 0. Let c = 17 - s. Let k = c - 2. List the prime factors of k.
2
What are the prime factors of 3 - (-1)/(-3 - -2)?
2
Suppose 3*y - 8*y + 15 = 0. Suppose i + 55 = 3*t, 105 = y*t + 2*t + 5*i. Let c = t - 5. What are the prime factors of c?
2, 7
Let z(j) = -j**3 - j**2 + j - 1. Let l(m) = -11*m**3 + 2*m**2 - 3*m + 2. Let y(d) = -l(d) - z(d). Let s = 2 + -1. List the prime factors of y(s).
2, 3
Let t be (4/10)/((-1)/(-230)). Suppose 0 = 5*h + 5, 3*h - t + 2 = -3*z. What are the prime factors of z?
31
Suppose -m - m + f - 1 = 0, 5*m + 2*f = 2. Suppose 4*d = 5*w + 91, -2*d - 3*d + 2*w + 135 = m. What are the prime factors of d?
29
Suppose -5*u + 430 = -110. What are the prime factors of u?
2, 3
Let h(t) = -t**3 + 5*t**2 + 7*t - 6. Let x be h(6). What are the prime factors of 2 + x - -18 - -3?
23
Let s(r) = -16*r - 1. Let u be s(-1). Let w be 2/5 - 36/(-10). Suppose w*z = -z + u. List the prime factors of z.
3
Suppose -5*v + 709 = y, -v + 0*y + y = -143. What are the prime factors of v?
2, 71
Suppose 6*z - i = 2*z - 10, -4*z + 2*i - 12 = 0. Let c be z/(((-9)/(-6))/(-3)). What are the prime factors of (c/(-6))/(5/(-15))?
2
Let o(r) = -r**3 + 4*r**2 + 4. Let n be o(3). Let g = n - 10. Suppose -5*u = -4*u - 4*i + 15, 0 = u + g*i - 20. What are the prime factors of u?
5
Suppose 0 = -4*z + 2*l - 39 - 13, 0 = 3*z - 2*l + 37. Let u = z - -23. What are the prime factors of u?
2
Suppose -37 - 83 = 5*g. What are the prime factors of 1/(-2)*g/2?
2, 3
What are the prime factors of ((-20)/(-8))/(1/6)?
3, 5
Let k(v) = 2*v - 3. Let t be k(3). Let q be (-304)/(-4) - (t - 2). Suppose 8*l - 3*l - q = 0. List the prime factors of l.
3, 5
Suppose 2*j - 4*j + 10 = 0. Let p be j/3 - (-2)/6. Suppose 29 = 4*o + 3*y, -o + p*y - 3 = -2. What are the prime factors of o?
5
Let q(m) = 6*m - 17. List the prime factors of q(7).
5
Let t(r) = -5*r + 7. Let c(m) = -3*m + 4. Let q(o) = -11*c(o) + 6*t(o). Let l be q(4). Suppose a - 2*a = -l. List the prime factors of a.
2, 5
Let v = 2 - 0. Let w(h) = h - v + 2. List the prime factors of w(5).
5
Let x = 1 - 0. Let t = 3 - x. List the prime factors of t.
2
Let j = 65 + 23. Let l = -46 + j. Suppose -3*s = 2*d + 2*d - l, -s = -2*d + 16. List the prime factors of d.
3
Let b(i) = 11*i**3 - i**2. Let v be b(-1). Let z = v - -20. What are the prime factors of z?
2
Let i be (0 - -1)/(3/6). Let a be i*(45/2 - 2). Suppose -5*p - 4*l = -63, 3*p + 3*l = -l + a. List the prime factors of p.
11
Let t be (5/10)/(2/12). Let k be t 